be 4 - (0 + m*-28). Suppose -4*y + 4 + z = 0. Calculate the remainder when y is divided by 12.
11
Let w = 7 + -13. Let r = w + 25. What is the remainder when r is divided by (-12)/54 - (2 - 65/9)?
4
Suppose 4*v - 148 = -4*h, 8*v - 3*h = 12*v - 150. What is the remainder when v is divided by 25?
14
Suppose -3*r - 2*l = -2*r - 28, -5*l + 7 = -r. Calculate the remainder when (10/15)/((-1460)/735 + 2) is divided by r.
13
Suppose -7*c - 1643 = -4*i - 2*c, -c = 5*i - 2061. Suppose 0 = 10*m - 8*m - i. Calculate the remainder when m is divided by 23.
22
Let d = 10 - 7. Suppose -2*k = 4*a + 10 - 286, -d*a + 2*k = -200. What is the remainder when a is divided by 14?
12
What is the remainder when 154 is divided by (-989)/(-258) + 2/12?
2
Let o(m) = -m + 271. Calculate the remainder when o(19) is divided by 51.
48
Let h = -201 - -207. What is the remainder when 94 is divided by h?
4
Let m(a) = -5*a**2 - 118*a - 12. Let h(b) = b**2 + 7. What is the remainder when m(-23) is divided by h(-5)?
25
Suppose 1370 = 11*f + 534. What is the remainder when 467 is divided by f?
11
Let p(y) = y - 9. Let a be p(10). Let q be a/(-2)*(-66 + 8). Suppose 4*i + g - 3*g = 120, q = i - g. What is the remainder when i is divided by 8?
7
Suppose 5*q + 480 = 8*f - 4*f, 3*q = f - 127. Calculate the remainder when f is divided by 62.
53
Let m(h) = 6*h**2 + 2*h - 4. Let n be m(-3). Let u = 59 - n. Calculate the remainder when 43 is divided by u.
13
Suppose 26 = 2*r - 26. Suppose 4*d - r = -3*w, -w - d - 60 = -5*w. What is the remainder when 81 is divided by w?
11
Suppose -r - 2*y + 36 = -3*r, -18 = r + y. Let t = 30 + r. What is the remainder when 47 is divided by t?
11
Suppose 2*j - 181 = -33. Let a = j + -42. Calculate the remainder when a is divided by 18.
14
Let x(j) = j**2 - 6*j + 1. Let w be x(-6). Suppose 0 = u + 17 - w. Let g = u + -29. What is the remainder when 80 is divided by g?
26
Suppose -3*f = -n + 25, -7*n - f - 99 = -10*n. What is the remainder when n is divided by 7?
6
Let u = -150 + 344. Calculate the remainder when u is divided by 5.
4
Suppose 0 = 8*q - 7*q + 4. Let d(j) = -j**2 - 3*j + 11. What is the remainder when 27 is divided by d(q)?
6
Let q(a) = -9*a**2 + 2*a - 1. Let n be q(1). Let l = n + 24. Let f = l - 2. Calculate the remainder when 52 is divided by f.
10
Let k(j) = 14*j - 4. What is the remainder when k(7) is divided by 11?
6
Suppose a - 36 = -3*a. Let z(h) = 3*h**2 - 22*h - 71. Calculate the remainder when z(-3) is divided by a.
4
Suppose 1632 = -0*o + 34*o. What is the remainder when o is divided by 18?
12
Let m = -178 + 307. What is the remainder when m is divided by 18/36 - (-348)/8?
41
Let l(m) = -3*m - 2. Let n be l(-2). Suppose 4*v = 4*j + 10 + 62, 0 = -3*v + n*j + 51. What is the remainder when 79 is divided by v?
16
Let h = 5 + -3. Let o = 2859 + -2840. What is the remainder when (-1)/(1/h) - -58 is divided by o?
18
Suppose -10 = 3*s + 4*y, -y + 6 = s - 2*y. Suppose 17 = 4*d - a, -4*d - a = -s*d - 7. Calculate the remainder when d is divided by 3.
1
Suppose -d + k = 2, d + d - k = 0. Suppose 5*g = d*j + 14, 0 = -5*g - 4*j - j + 35. Calculate the remainder when 13 is divided by g.
1
Let n = 346 + -328. Let o be 1/2 + (-22)/(-4). Calculate the remainder when n is divided by (-10)/o*(-1 + -5).
8
Let o be (-24)/15 + (-6)/(-10). What is the remainder when 71 is divided by o + 130/(-1 - -6)?
21
Let g = -37 + 100. Suppose 4*d = 3*n - 35, 125*d = -n + 129*d + 1. Calculate the remainder when g is divided by n.
12
Suppose -57*p + 2814 = 10*p. Calculate the remainder when p is divided by 9.
6
What is the remainder when 223 is divided by (-19*44/33)/(2/(-3))?
33
Let a be -5*(-5)/(50/22). Let f = -9 + a. Calculate the remainder when 21 is divided by 12 + 1/(-2)*f.
10
Suppose 14*s - 443 + 93 = 0. What is the remainder when 71 is divided by s?
21
Suppose -3*p - 2*p - 3*q + 258 = 0, q - 212 = -4*p. Let j be ((-747)/15)/((-2)/10). What is the remainder when p is divided by (-12)/78 - j/(-13)?
16
Let k(j) = 2*j**3 - 143*j**2 + 74*j + 172. What is the remainder when k(71) is divided by 121?
22
Let h be (-2)/9 - 2/(-9). Suppose h*p - 3*p = -3*u - 6, 5*p = 4*u + 8. Let f(t) = t**2 - t + 3. Calculate the remainder when f(p) is divided by 1.
0
Let p = -536 - -623. What is the remainder when p is divided by 12?
3
Suppose -31*q = -35*q + 160. Calculate the remainder when 398 is divided by q.
38
Let s = 24 - 20. Let r(c) = -3*c + 2. Let p be r(-2). Suppose 31 = 3*w - p. What is the remainder when w is divided by s?
1
Calculate the remainder when (15/(-20))/(6/68)*-74 is divided by 14.
13
Let d = -15 + 24. Let i(h) = 2*h - 9. Let s = 31 + -16. Calculate the remainder when s is divided by i(d).
6
Let z(a) = 4*a**2 + 7*a - 11. Let y(l) = 0*l**2 - 6*l**2 + 12 + l**2 - 6*l. Let v(w) = 5*y(w) + 6*z(w). Calculate the remainder when 55 is divided by v(10).
13
Let m = -129 + 143. Suppose -2*g = 5*r - 351, 0 = -4*g + m - 2. Calculate the remainder when r is divided by 12.
9
Suppose 3*j + 0*z - 3*z - 207 = 0, 260 = 4*j + 4*z. Let d = j + -23. Let p = -14 - -23. What is the remainder when d is divided by p?
8
Let w(i) = -175*i - 338. Calculate the remainder when w(-16) is divided by 29.
26
Let d = 492 + -490. Suppose 3*p = 2*k + 2*k - 13, -5*p - 4*k = -21. What is the remainder when d is divided by p?
0
Let s = -80 + 127. Suppose -216 + 24 = -8*l. What is the remainder when s is divided by l?
23
Let v = 304 + -155. Calculate the remainder when v is divided by 15.
14
Let k(s) = -s**2 + 17*s - 13. Let l be k(15). Suppose -5*d + 4 = 2*t + 3, -t + l = -3*d. Calculate the remainder when 28 is divided by t.
4
Suppose -1899*v - 45 = -1900*v. What is the remainder when 167 is divided by v?
32
Suppose 0 = 20*m - 368 - 652. What is the remainder when m is divided by 24?
3
Suppose 0 = -y + 2 + 11. Calculate the remainder when 57/(1/(10/15)) is divided by y.
12
What is the remainder when 187 is divided by (-300)/(-9) + (-16)/(-24)?
17
Let o be 4*(-4)/(-16) + -9. Let q be (-256)/(-44) + o/(-44). Let j(t) = -t**3 + 8*t**2 + 2*t - 3. What is the remainder when j(q) is divided by 21?
18
Let g(y) be the third derivative of -29*y**6/120 + y**5/30 + y**4/24 + y**3/6 + 10*y**2. What is the remainder when g(-1) is divided by 8?
7
What is the remainder when 220 is divided by 44/10*230/46?
0
Let n(r) = -6*r + 3. Let f = 8 - 12. Calculate the remainder when n(f) is divided by 7.
6
Suppose 5*d = 2*d + 39. Let u = 233 + -333. What is the remainder when (u/(-35))/(6/105) is divided by d?
11
Suppose r = 3*k + 306, -17*r - 2*k = -22*r + 1556. Calculate the remainder when r is divided by 80.
72
Let b = 27 + -23. Suppose -b*f = -u - 169, -3*u + f - 181 = -2*u. Let y = u + 264. Calculate the remainder when y is divided by 20.
19
Let d = -6 - -8. Suppose d*u = -2*u - 20. Let k(o) = -o**3 - 5*o**2 - 8*o - 4. What is the remainder when k(u) is divided by 13?
10
Let u(b) be the second derivative of b**3/2 + 7*b**2/2 + 12*b. Calculate the remainder when u(5) is divided by 12.
10
Suppose 0 = g - 0*g - 77. Calculate the remainder when g is divided by (-186)/(-14) - 24/84.
12
Let o = 58 + -60. Calculate the remainder when 30 is divided by (o/(-3))/((10/(-57))/(-5)).
11
Let h(o) = 4*o**2 - 21*o + 424. Calculate the remainder when h(0) is divided by 33.
28
Let v = 1064 - 1038. What is the remainder when 229 is divided by v?
21
Suppose 4*k - 11 = 3*k. Calculate the remainder when (4/(-3))/(3/(-378)*4) is divided by k.
9
Let n(x) = -36*x - 387. What is the remainder when 206 is divided by n(-11)?
8
Suppose 0 = -113*z + 116*z + 15, b - z = 84. Calculate the remainder when b is divided by 11.
2
Suppose -2*o + 13 = 2*o + 5*z, o - 2*z = 0. What is the remainder when 580/10 - (1 - 1*-3) is divided by (o + -19 + -2)/(-1)?
16
Let s(r) = -r**2 - 6*r + 2. Let b(u) = -7*u**2 - 2*u - 1. Let h be b(-1). Calculate the remainder when (200/(-16) + 10)*-2 is divided by s(h).
1
Let m(h) = h**3 + h**2. Let v(j) = -2*j**3 - 8*j**2 + 15*j + 22. Let d(p) = m(p) + v(p). What is the remainder when 145 is divided by d(-9)?
47
Let r(m) = -m**3 + 1. Let z be r(-2). Let c be (-25 - -1)*z/(-18). Let x = 2 + c. What is the remainder when 27 is divided by x?
13
Suppose 2*c = -c + 39. Let l(v) = 4*v**2 - v - 10. Let y(m) = 5*m**2 - 12. Let b(z) =